 digit of 28738493?
4
What is the units digit of 37246?
6
What is the tens digit of 14169390?
9
What is the ten thousands digit of 1020172?
2
What is the thousands digit of 246659?
6
What is the units digit of 6975363?
3
What is the ten thousands digit of 369338?
6
What is the hundred thousands digit of 4564460?
5
What is the hundred thousands digit of 2769308?
7
What is the tens digit of 270418?
1
What is the ten thousands digit of 4752499?
5
What is the ten thousands digit of 2085888?
8
What is the millions digit of 1679065?
1
What is the tens digit of 3320505?
0
What is the hundred thousands digit of 507695?
5
What is the tens digit of 832110?
1
What is the tens digit of 1355397?
9
What is the thousands digit of 11699343?
9
What is the millions digit of 5035644?
5
What is the tens digit of 2668673?
7
What is the units digit of 988?
8
What is the units digit of 3283035?
5
What is the hundred thousands digit of 846194?
8
What is the ten thousands digit of 140272?
4
What is the hundred thousands digit of 151287?
1
What is the ten millions digit of 28692750?
2
What is the units digit of 35179214?
4
What is the ten millions digit of 11313267?
1
What is the ten thousands digit of 1079327?
7
What is the hundreds digit of 1294059?
0
What is the hundred thousands digit of 159038?
1
What is the thousands digit of 635104?
5
What is the hundred thousands digit of 121572?
1
What is the tens digit of 982007?
0
What is the thousands digit of 10196969?
6
What is the millions digit of 5692617?
5
What is the millions digit of 1050808?
1
What is the tens digit of 29711?
1
What is the ten thousands digit of 2994898?
9
What is the millions digit of 5013189?
5
What is the hundreds digit of 372438?
4
What is the millions digit of 6464750?
6
What is the units digit of 5547152?
2
What is the thousands digit of 804045?
4
What is the tens digit of 5268021?
2
What is the thousands digit of 6257515?
7
What is the millions digit of 7472428?
7
What is the hundreds digit of 846909?
9
What is the hundred thousands digit of 8311158?
3
What is the ten thousands digit of 2824735?
2
What is the hundreds digit of 4557110?
1
What is the millions digit of 7772605?
7
What is the hundred thousands digit of 2574289?
5
What is the units digit of 219852?
2
What is the ten thousands digit of 4560711?
6
What is the tens digit of 1758512?
1
What is the hundred thousands digit of 1044302?
0
What is the thousands digit of 2238589?
8
What is the hundred thousands digit of 1736339?
7
What is the millions digit of 8518329?
8
What is the units digit of 3161384?
4
What is the hundreds digit of 9817034?
0
What is the hundred thousands digit of 216122?
2
What is the ten thousands digit of 177077?
7
What is the ten thousands digit of 1281564?
8
What is the hundreds digit of 1932272?
2
What is the tens digit of 3261066?
6
What is the millions digit of 5635757?
5
What is the thousands digit of 6487504?
7
What is the ten thousands digit of 464047?
6
What is the hundreds digit of 1868908?
9
What is the hundreds digit of 320523?
5
What is the units digit of 10530?
0
What is the hundreds digit of 84975?
9
What is the ten thousands digit of 316378?
1
What is the units digit of 2605646?
6
What is the ten thousands digit of 6716063?
1
What is the tens digit of 11383970?
7
What is the millions digit of 3038979?
3
What is the hundreds digit of 3048141?
1
What is the hundred thousands digit of 16153041?
1
What is the units digit of 166172?
2
What is the hundreds digit of 171551?
5
What is the ten thousands digit of 515395?
1
What is the thousands digit of 446848?
6
What is the ten thousands digit of 139634?
3
What is the ten thousands digit of 1776366?
7
What is the units digit of 297926?
6
What is the tens digit of 23062894?
9
What is the thousands digit of 45671?
5
What is the ten thousands digit of 47216?
4
What is the thousands digit of 16886150?
6
What is the millions digit of 7652784?
7
What is the thousands digit of 30745?
0
What is the hundreds digit of 11312731?
7
What is the thousands digit of 1164512?
4
What is the thousands digit of 164889?
4
What is the millions digit of 1328360?
1
What is the hundred thousands digit of 222228?
2
What is the units digit of 6999?
9
What is the hundreds digit of 225337?
3
What is the millions digit of 3219662?
3
What is the hundred thousands digit of 271080?
2
What is the thousands digit of 11207538?
7
What is the ten thousands digit of 625406?
2
What is the ten thousands digit of 4951260?
5
What is the hundred thousands digit of 556952?
5
What is the thousands digit of 4272120?
2
What is the hundred thousands digit of 4540367?
5
What is the thousands digit of 104274?
4
What is the hundreds digit of 36423433?
4
What is the tens digit of 219969?
6
What is the tens digit of 7782584?
8
What is the thousands digit of 705420?
5
What is the ten millions digit of 28520716?
2
What is the millions digit of 2363400?
2
What is the millions digit of 7003508?
7
What is the hundreds digit of 7569675?
6
What is the thousands digit of 4455621?
5
What is the hundred thousands digit of 989248?
9
What is the units digit of 7099297?
7
What is the hundred thousands digit of 708667?
7
What is the millions digit of 1205413?
1
What is the hundreds digit of 17550?
5
What is the thousands digit of 157984?
7
What is the ten thousands digit of 190206?
9
What is the hundreds digit of 3053978?
9
What is the tens digit of 210945?
4
What is the hundreds digit of 13424855?
8
What is the units digit of 60485?
5
What is the millions digit of 29876453?
9
What is the thousands digit of 2668350?
8
What is the tens digit of 1107052?
5
What is the thousands digit of 2203868?
3
What is the tens digit of 144794?
9
What is the thousands digit of 77841?
7
What is the hundred thousands digit of 150841?
1
What is the thousands digit of 4319385?
9
What is the ten thousands digit of 99226?
9
What is the tens digit of 188200?
0
What is the ten thousands digit of 280743?
8
What is the tens digit of 398335?
3
What is the hundreds digit of 208979?
9
What is the hundreds digit of 320574?
5
What is the hundreds digit of 14895?
8
What is the units digit of 718696?
6
What is the ten thousands digit of 100569?
0
What is the hundreds digit of 5605609?
6
What is the units digit of 8385617?
7
What is the tens digit of 498045?
4
What is the units digit of 845?
5
What is the ten thousands digit of 8974408?
7
What is the units digit of 397776?
6
What is the millions digit of 16835421?
6
What is the millions digit of 1623942?
1
What is the hundred thousands digit of 4333195?
3
What is the millions digit of 1073514?
1
What is the hundreds digit of 127414?
4
What is the units digit of 3078103?
3
What is the hundred thousands digit of 5817051?
8
What is the hundreds digit of 9847194?
1
What is the thousands digit of 217611?
7
What is the ten thousands digit of 13164756?
6
What is the units digit of 3148283?
3
What is the units digit of 209979?
9
What is the hundred thousands digit of 168867?
1
What is the units digit of 1738253?
3
What is the millions digit of 3904655?
3
What is the tens digit of 4362409?
0
What is the hundred thousands digit of 387978?
3
What is the tens digit of 14520?
2
What is the hundreds digit of 208927?
9
What is the tens digit of 31289010?
1
What is the hundred thousands digit of 2362470?
3
What is the units digit of 6813687?
7
What is the tens digit of 3977817?
1
What is the ten thousands digit of 58391?
5
What is the ten thousands digit of 437707?
3
What is the hundreds digit of 2619015?
0
What is the ten thousands digit of 568430?
6
What is the ten thousands digit of 1240477?
4
What is the thousands digit of 5346343?
6
What is the hundreds digit of 10106292?
2
What is the tens digit of 21765?
6
What is the hundred thousands digit of 183645?
1
What is the hundreds digit of 2361642?
6
What is the millions digit of 1018105?
1
What is the hundred thousands digit of 9653297?
6
What is the hundreds digit of 35969?
9
What is the hundred thousands digit of 4708210?
7
What is the units digit of 9017?
7
What is the hundreds digit of 120165?
1
What is the hundred thousands digit of 320684?
3
What is the ten thousands digit of 1069210?
6
What is the millions digit of 25257584?
5
What is the tens digit of 28206